{"id":211,"date":"2020-06-21T19:57:12","date_gmt":"2020-06-21T19:57:12","guid":{"rendered":"http:\/\/www.ehoanimato.org\/?page_id=211"},"modified":"2020-08-10T10:51:32","modified_gmt":"2020-08-10T10:51:32","slug":"the-glass-menagerie","status":"publish","type":"page","link":"https:\/\/www.ehoanimato.org\/index.php\/the-glass-menagerie\/","title":{"rendered":"The Glass Menagerie"},"content":{"rendered":"\n<p class=\"has-text-align-justify has-tablet-text-align-justify has-mobile-text-align-justify\"><em>The Glass Menagerie<\/em> was a part of the project <em>Tennessee Williams centennial celebration<\/em>. It premiered on December 20, 2011 at Dom omladine Belgrade and had it\u2019s 10th rerun on February 2, 2013 in Amerikana Hall at Dom omladine.<\/p>\n\n\n\n<p class=\"has-text-align-justify has-tablet-text-align-justify has-mobile-text-align-justify\"><em>The Glass Menagerie<\/em>&nbsp;is the first successful play of Tennesee Williams. This is a love, family, psychological, poetic, social drama and much more. It speaks about lonely people who are wishing to fulfill their life purose and survive. Marriage, a job, travel, money, past &#8211; these are all illusions that keep them alive but in the same time push them further from life &#8211; further from the connection with another.<br>Williams says that he wants to see the thruth in theatre, and not jus a photographic copy of reality. This performance is searching for the thruth, which is always different, alive and impossible to catch.  <\/p>\n\n\n\n<p><strong>Director<\/strong>: Ana Konstantinovi\u0107<\/p>\n\n\n\n<p><strong>Dramaturge and music consultant: <\/strong>Ana \u0110or\u0111evi\u0107<\/p>\n\n\n\n<p><strong>Set design<\/strong>: Ka\u0107a Todovi\u0107-Krkovi\u0107<\/p>\n\n\n\n<p><strong>Amanda <\/strong>&#8211; Danica Ristovski <br><strong>Tom &#8211;<\/strong> \u017deljko Maksimovi\u0107 <br><strong>Laura <\/strong>&#8211; Katarina Dimitrijevi\u0107<br><strong>Jim<\/strong> &#8211; Miljan Prljeta<\/p>\n\n\n\n<p class=\"has-text-align-justify has-tablet-text-align-justify has-mobile-text-align-justify\">The project <em>Tennessee Williams Centennial Celebration<\/em> has been realized with the support of the Embassy of the United States of America in Belgrade and in cooperation with American Corners across Serbia (Belgrade, Novi Sad, Ni\u0161, Vranje, Subotica, Novi Pazar), Museum of Theatre Art of Serbia, Library of the City of Belgrade, Dom omladine Belgrade, Culture Centre of Ni\u0161 and Cultural Centre of Novi Sad. The project included an exhibition of photographs of different stagings of Williams\u2019 plays in Serbia from 1952 \u2013 2011, a debate on Williams\u2019 creative work, film showings and a theatre performance&nbsp;<em>The Glass Menagerie<\/em>.<\/p>\n\n\n\n<figure class=\"wp-block-embed-youtube wp-block-embed is-type-video is-provider-youtube wp-embed-aspect-4-3 wp-has-aspect-ratio\"><div class=\"wp-block-embed__wrapper\">\n<iframe loading=\"lazy\" title=\"Staklena menazerija, Dom omladine Beograda\" width=\"1140\" height=\"855\" src=\"https:\/\/www.youtube.com\/embed\/SDHGRLKFRN4?feature=oembed\" frameborder=\"0\" allow=\"accelerometer; autoplay; encrypted-media; gyroscope; picture-in-picture\" allowfullscreen><\/iframe>\n<\/div><\/figure>\n\n\n\n<figure class=\"wp-block-gallery columns-2 is-cropped wp-block-gallery-1 is-layout-flex wp-block-gallery-is-layout-flex\"><ul class=\"blocks-gallery-grid\"><li class=\"blocks-gallery-item\"><figure><a href=\"http:\/\/www.ehoanimato.org\/index.php\/staklena-menazerija\/menazerija-3\/\"><img loading=\"lazy\" decoding=\"async\" width=\"638\" height=\"960\" src=\"http:\/\/www.ehoanimato.org\/wp-content\/uploads\/2020\/06\/menazerija-3.jpg\" alt=\"\" data-id=\"204\" data-full-url=\"http:\/\/www.ehoanimato.org\/wp-content\/uploads\/2020\/06\/menazerija-3.jpg\" data-link=\"http:\/\/www.ehoanimato.org\/index.php\/staklena-menazerija\/menazerija-3\/\" class=\"wp-image-204\" srcset=\"https:\/\/www.ehoanimato.org\/wp-content\/uploads\/2020\/06\/menazerija-3.jpg 638w, https:\/\/www.ehoanimato.org\/wp-content\/uploads\/2020\/06\/menazerija-3-199x300.jpg 199w\" sizes=\"auto, (max-width: 638px) 100vw, 638px\" \/><\/a><\/figure><\/li><li class=\"blocks-gallery-item\"><figure><a href=\"http:\/\/www.ehoanimato.org\/index.php\/staklena-menazerija\/menazerija6\/\"><img loading=\"lazy\" decoding=\"async\" width=\"638\" height=\"960\" src=\"http:\/\/www.ehoanimato.org\/wp-content\/uploads\/2020\/06\/menazerija6.jpg\" alt=\"\" data-id=\"201\" data-full-url=\"http:\/\/www.ehoanimato.org\/wp-content\/uploads\/2020\/06\/menazerija6.jpg\" data-link=\"http:\/\/www.ehoanimato.org\/index.php\/staklena-menazerija\/menazerija6\/\" class=\"wp-image-201\" srcset=\"https:\/\/www.ehoanimato.org\/wp-content\/uploads\/2020\/06\/menazerija6.jpg 638w, https:\/\/www.ehoanimato.org\/wp-content\/uploads\/2020\/06\/menazerija6-199x300.jpg 199w\" sizes=\"auto, (max-width: 638px) 100vw, 638px\" \/><\/a><\/figure><\/li><li class=\"blocks-gallery-item\"><figure><a href=\"http:\/\/www.ehoanimato.org\/index.php\/staklena-menazerija\/menazerija-4\/\"><img loading=\"lazy\" decoding=\"async\" width=\"960\" height=\"638\" src=\"http:\/\/www.ehoanimato.org\/wp-content\/uploads\/2020\/06\/menazerija-4.jpg\" alt=\"\" data-id=\"203\" data-full-url=\"http:\/\/www.ehoanimato.org\/wp-content\/uploads\/2020\/06\/menazerija-4.jpg\" data-link=\"http:\/\/www.ehoanimato.org\/index.php\/staklena-menazerija\/menazerija-4\/\" class=\"wp-image-203\" srcset=\"https:\/\/www.ehoanimato.org\/wp-content\/uploads\/2020\/06\/menazerija-4.jpg 960w, https:\/\/www.ehoanimato.org\/wp-content\/uploads\/2020\/06\/menazerija-4-300x199.jpg 300w, https:\/\/www.ehoanimato.org\/wp-content\/uploads\/2020\/06\/menazerija-4-768x510.jpg 768w\" sizes=\"auto, (max-width: 960px) 100vw, 960px\" \/><\/a><\/figure><\/li><li class=\"blocks-gallery-item\"><figure><a href=\"http:\/\/www.ehoanimato.org\/index.php\/staklena-menazerija\/menazerija-5\/\"><img loading=\"lazy\" decoding=\"async\" width=\"960\" height=\"638\" src=\"http:\/\/www.ehoanimato.org\/wp-content\/uploads\/2020\/06\/menazerija-5.jpg\" alt=\"\" data-id=\"202\" data-full-url=\"http:\/\/www.ehoanimato.org\/wp-content\/uploads\/2020\/06\/menazerija-5.jpg\" data-link=\"http:\/\/www.ehoanimato.org\/index.php\/staklena-menazerija\/menazerija-5\/\" class=\"wp-image-202\" srcset=\"https:\/\/www.ehoanimato.org\/wp-content\/uploads\/2020\/06\/menazerija-5.jpg 960w, https:\/\/www.ehoanimato.org\/wp-content\/uploads\/2020\/06\/menazerija-5-300x199.jpg 300w, https:\/\/www.ehoanimato.org\/wp-content\/uploads\/2020\/06\/menazerija-5-768x510.jpg 768w\" sizes=\"auto, (max-width: 960px) 100vw, 960px\" \/><\/a><\/figure><\/li><li class=\"blocks-gallery-item\"><figure><a href=\"http:\/\/www.ehoanimato.org\/index.php\/staklena-menazerija\/menzerija-2\/\"><img loading=\"lazy\" decoding=\"async\" width=\"960\" height=\"638\" src=\"http:\/\/www.ehoanimato.org\/wp-content\/uploads\/2020\/06\/menzerija-2.jpg\" alt=\"\" data-id=\"205\" data-full-url=\"http:\/\/www.ehoanimato.org\/wp-content\/uploads\/2020\/06\/menzerija-2.jpg\" data-link=\"http:\/\/www.ehoanimato.org\/index.php\/staklena-menazerija\/menzerija-2\/\" class=\"wp-image-205\" srcset=\"https:\/\/www.ehoanimato.org\/wp-content\/uploads\/2020\/06\/menzerija-2.jpg 960w, https:\/\/www.ehoanimato.org\/wp-content\/uploads\/2020\/06\/menzerija-2-300x199.jpg 300w, https:\/\/www.ehoanimato.org\/wp-content\/uploads\/2020\/06\/menzerija-2-768x510.jpg 768w\" sizes=\"auto, (max-width: 960px) 100vw, 960px\" \/><\/a><\/figure><\/li><li class=\"blocks-gallery-item\"><figure><a href=\"http:\/\/www.ehoanimato.org\/index.php\/staklena-menazerija\/staklena-menazerija-1\/\"><img loading=\"lazy\" decoding=\"async\" width=\"960\" height=\"619\" src=\"http:\/\/www.ehoanimato.org\/wp-content\/uploads\/2020\/06\/staklena-menazerija-1.jpg\" alt=\"\" data-id=\"206\" data-full-url=\"http:\/\/www.ehoanimato.org\/wp-content\/uploads\/2020\/06\/staklena-menazerija-1.jpg\" data-link=\"http:\/\/www.ehoanimato.org\/index.php\/staklena-menazerija\/staklena-menazerija-1\/\" class=\"wp-image-206\" srcset=\"https:\/\/www.ehoanimato.org\/wp-content\/uploads\/2020\/06\/staklena-menazerija-1.jpg 960w, https:\/\/www.ehoanimato.org\/wp-content\/uploads\/2020\/06\/staklena-menazerija-1-300x193.jpg 300w, https:\/\/www.ehoanimato.org\/wp-content\/uploads\/2020\/06\/staklena-menazerija-1-768x495.jpg 768w\" sizes=\"auto, (max-width: 960px) 100vw, 960px\" \/><\/a><\/figure><\/li><\/ul><\/figure>\n","protected":false},"excerpt":{"rendered":"<p>The Glass Menagerie was a part of the project Tennessee Williams centennial celebration. It premiered on December 20, 2011 at Dom omladine Belgrade and had it\u2019s 10th rerun on February 2, 2013 in Amerikana Hall at Dom omladine. The Glass Menagerie&nbsp;is the first successful play of Tennesee Williams. This is a love, family, psychological, poetic, [&hellip;]<\/p>\n","protected":false},"author":1,"featured_media":0,"parent":0,"menu_order":0,"comment_status":"closed","ping_status":"closed","template":"","meta":{"_monsterinsights_skip_tracking":false,"_monsterinsights_sitenote_active":false,"_monsterinsights_sitenote_note":"","_monsterinsights_sitenote_category":0,"footnotes":""},"class_list":["post-211","page","type-page","status-publish","hentry"],"jetpack_sharing_enabled":true,"_links":{"self":[{"href":"https:\/\/www.ehoanimato.org\/index.php\/wp-json\/wp\/v2\/pages\/211","targetHints":{"allow":["GET"]}}],"collection":[{"href":"https:\/\/www.ehoanimato.org\/index.php\/wp-json\/wp\/v2\/pages"}],"about":[{"href":"https:\/\/www.ehoanimato.org\/index.php\/wp-json\/wp\/v2\/types\/page"}],"author":[{"embeddable":true,"href":"https:\/\/www.ehoanimato.org\/index.php\/wp-json\/wp\/v2\/users\/1"}],"replies":[{"embeddable":true,"href":"https:\/\/www.ehoanimato.org\/index.php\/wp-json\/wp\/v2\/comments?post=211"}],"version-history":[{"count":7,"href":"https:\/\/www.ehoanimato.org\/index.php\/wp-json\/wp\/v2\/pages\/211\/revisions"}],"predecessor-version":[{"id":902,"href":"https:\/\/www.ehoanimato.org\/index.php\/wp-json\/wp\/v2\/pages\/211\/revisions\/902"}],"wp:attachment":[{"href":"https:\/\/www.ehoanimato.org\/index.php\/wp-json\/wp\/v2\/media?parent=211"}],"curies":[{"name":"wp","href":"https:\/\/api.w.org\/{rel}","templated":true}]}}