{"id":27,"date":"2020-06-16T13:50:59","date_gmt":"2020-06-16T13:50:59","guid":{"rendered":"http:\/\/www.ehoanimato.org\/?page_id=27"},"modified":"2020-08-10T11:40:35","modified_gmt":"2020-08-10T11:40:35","slug":"o-nama","status":"publish","type":"page","link":"https:\/\/www.ehoanimato.org\/index.php\/o-nama\/","title":{"rendered":"O nama"},"content":{"rendered":"\n<p class=\"has-text-align-justify has-tablet-text-align-justify has-mobile-text-align-justify\">Eho animato je kolektiv posve\u0107en istra\u017eivanju izvo\u0111a\u010dkih umetnosti i multimedijalnih praksi, osnovan u Beogradu 2011. godine.<\/p>\n\n\n\n<p class=\"has-text-align-justify has-tablet-text-align-justify has-mobile-text-align-justify\">Na\u0161a misija je vi\u0161eslojno istra\u017eivanje individualnih dru\u0161tvenih pozicija.<\/p>\n\n\n\n<p class=\"has-text-align-justify has-tablet-text-align-justify has-mobile-text-align-justify\">Cilj na\u0161eg umetni\u010dkog rada je da izazivamo \u0161to ve\u0107i broj razli\u010ditih perspektiva kroz zajedni\u010dke&nbsp;procese, podr\u017eavaju\u0107i snagu i razvoj svakog umetni\u010dkog glasa.&nbsp;<\/p>\n\n\n\n<p class=\"has-text-align-justify has-tablet-text-align-justify has-mobile-text-align-justify\">Primenjujemo multimedijalni i interdisciplinarni pristup kao na\u010dine oboga\u0107ivanja jezika kojim govorimo o temama koje istra\u017eujemo.&nbsp;<\/p>\n\n\n\n<p class=\"has-text-align-justify has-tablet-text-align-justify has-mobile-text-align-justify\">Verujemo u vrednost kulturne razmene kroz kreativni proces i u uspostavljanje sna\u017enih veza sa me\u0111unarodnim partnerima. <\/p>\n\n\n\n<div class=\"wp-block-columns is-layout-flex wp-container-core-columns-is-layout-9d6595d7 wp-block-columns-is-layout-flex\">\n<div class=\"wp-block-column is-layout-flow wp-block-column-is-layout-flow\">\n<figure class=\"wp-block-image size-thumbnail\"><a href=\"https:\/\/www.ehoanimato.org\/index.php\/ana-konstantinovic-2\/\"><img loading=\"lazy\" decoding=\"async\" width=\"150\" height=\"150\" src=\"https:\/\/www.ehoanimato.org\/wp-content\/uploads\/2020\/08\/ana-slika-cv-e1596651798223-150x150.jpg\" alt=\"\" class=\"wp-image-533\" srcset=\"https:\/\/www.ehoanimato.org\/wp-content\/uploads\/2020\/08\/ana-slika-cv-e1596651798223-150x150.jpg 150w, https:\/\/www.ehoanimato.org\/wp-content\/uploads\/2020\/08\/ana-slika-cv-e1596651798223-300x300.jpg 300w, https:\/\/www.ehoanimato.org\/wp-content\/uploads\/2020\/08\/ana-slika-cv-e1596651798223-768x768.jpg 768w, https:\/\/www.ehoanimato.org\/wp-content\/uploads\/2020\/08\/ana-slika-cv-e1596651798223.jpg 866w\" sizes=\"auto, (max-width: 150px) 100vw, 150px\" \/><\/a><figcaption><strong><a href=\"https:\/\/www.ehoanimato.org\/index.php\/ana-konstantinovic-2\/\"><span class=\"has-inline-color has-luminous-vivid-amber-color\">Ana Konstantinovi\u0107<\/span><\/a><\/strong><\/figcaption><\/figure>\n<\/div>\n\n\n\n<div class=\"wp-block-column is-layout-flow wp-block-column-is-layout-flow\">\n<figure class=\"wp-block-image size-thumbnail\"><a href=\"https:\/\/www.ehoanimato.org\/index.php\/zeljko-maksimovic\/\"><img loading=\"lazy\" decoding=\"async\" width=\"150\" height=\"150\" src=\"https:\/\/www.ehoanimato.org\/wp-content\/uploads\/2020\/08\/000048-scaled-e1596823556349-150x150.jpg\" alt=\"\" class=\"wp-image-634\" srcset=\"https:\/\/www.ehoanimato.org\/wp-content\/uploads\/2020\/08\/000048-scaled-e1596823556349-150x150.jpg 150w, https:\/\/www.ehoanimato.org\/wp-content\/uploads\/2020\/08\/000048-scaled-e1596823556349-300x300.jpg 300w, https:\/\/www.ehoanimato.org\/wp-content\/uploads\/2020\/08\/000048-scaled-e1596823556349-1024x1024.jpg 1024w, https:\/\/www.ehoanimato.org\/wp-content\/uploads\/2020\/08\/000048-scaled-e1596823556349-768x768.jpg 768w, https:\/\/www.ehoanimato.org\/wp-content\/uploads\/2020\/08\/000048-scaled-e1596823556349-1536x1536.jpg 1536w, https:\/\/www.ehoanimato.org\/wp-content\/uploads\/2020\/08\/000048-scaled-e1596823556349.jpg 1682w\" sizes=\"auto, (max-width: 150px) 100vw, 150px\" \/><\/a><figcaption><strong><a href=\"https:\/\/www.ehoanimato.org\/index.php\/zeljko-maksimovic\/\"><span class=\"has-inline-color has-luminous-vivid-amber-color\">\u017deljko Maksimovi\u0107<\/span><\/a><\/strong><\/figcaption><\/figure>\n\n\n\n<p><\/p>\n<\/div>\n\n\n\n<div class=\"wp-block-column is-layout-flow wp-block-column-is-layout-flow\">\n<figure class=\"wp-block-image size-thumbnail\"><a href=\"https:\/\/www.ehoanimato.org\/index.php\/marija-kovacina\/\"><img loading=\"lazy\" decoding=\"async\" width=\"150\" height=\"150\" src=\"https:\/\/www.ehoanimato.org\/wp-content\/uploads\/2020\/06\/marija-pic1-150x150.jpg\" alt=\"\" class=\"wp-image-79\" srcset=\"https:\/\/www.ehoanimato.org\/wp-content\/uploads\/2020\/06\/marija-pic1-150x150.jpg 150w, https:\/\/www.ehoanimato.org\/wp-content\/uploads\/2020\/06\/marija-pic1-300x300.jpg 300w, https:\/\/www.ehoanimato.org\/wp-content\/uploads\/2020\/06\/marija-pic1-768x768.jpg 768w, https:\/\/www.ehoanimato.org\/wp-content\/uploads\/2020\/06\/marija-pic1.jpg 853w\" sizes=\"auto, (max-width: 150px) 100vw, 150px\" \/><\/a><figcaption><strong><a href=\"https:\/\/www.ehoanimato.org\/index.php\/marija-kovacina\/\"><span class=\"has-inline-color has-luminous-vivid-amber-color\">Marija Kova\u010dina<\/span><\/a><\/strong><\/figcaption><\/figure>\n<\/div>\n\n\n\n<div class=\"wp-block-column is-layout-flow wp-block-column-is-layout-flow\">\n<figure class=\"wp-block-image size-thumbnail\"><a href=\"https:\/\/www.ehoanimato.org\/index.php\/tamara-barackov\/\"><img loading=\"lazy\" decoding=\"async\" width=\"150\" height=\"150\" src=\"https:\/\/www.ehoanimato.org\/wp-content\/uploads\/2020\/08\/26218-e1596621712267-150x150.jpg\" alt=\"\" class=\"wp-image-510\" srcset=\"https:\/\/www.ehoanimato.org\/wp-content\/uploads\/2020\/08\/26218-e1596621712267-150x150.jpg 150w, https:\/\/www.ehoanimato.org\/wp-content\/uploads\/2020\/08\/26218-e1596621712267-300x300.jpg 300w, https:\/\/www.ehoanimato.org\/wp-content\/uploads\/2020\/08\/26218-e1596621712267-1024x1024.jpg 1024w, https:\/\/www.ehoanimato.org\/wp-content\/uploads\/2020\/08\/26218-e1596621712267-768x768.jpg 768w, https:\/\/www.ehoanimato.org\/wp-content\/uploads\/2020\/08\/26218-e1596621712267.jpg 1200w\" sizes=\"auto, (max-width: 150px) 100vw, 150px\" \/><\/a><figcaption><strong><a href=\"https:\/\/www.ehoanimato.org\/index.php\/tamara-barackov\/\"><span class=\"has-inline-color has-luminous-vivid-amber-color\">Tamara Bara\u010dkov<\/span><\/a><\/strong><\/figcaption><\/figure>\n<\/div>\n\n\n\n<div class=\"wp-block-column is-layout-flow wp-block-column-is-layout-flow\">\n<figure class=\"wp-block-image size-thumbnail\"><a href=\"https:\/\/www.ehoanimato.org\/index.php\/visnja-vujovic\/\"><img loading=\"lazy\" decoding=\"async\" width=\"150\" height=\"150\" src=\"https:\/\/www.ehoanimato.org\/wp-content\/uploads\/2020\/07\/visnja-pic-1-e1597020178194-150x150.jpg\" alt=\"\" class=\"wp-image-435\" srcset=\"https:\/\/www.ehoanimato.org\/wp-content\/uploads\/2020\/07\/visnja-pic-1-e1597020178194-150x150.jpg 150w, https:\/\/www.ehoanimato.org\/wp-content\/uploads\/2020\/07\/visnja-pic-1-e1597020178194-300x300.jpg 300w, https:\/\/www.ehoanimato.org\/wp-content\/uploads\/2020\/07\/visnja-pic-1-e1597020178194-1022x1024.jpg 1022w, https:\/\/www.ehoanimato.org\/wp-content\/uploads\/2020\/07\/visnja-pic-1-e1597020178194-768x769.jpg 768w, https:\/\/www.ehoanimato.org\/wp-content\/uploads\/2020\/07\/visnja-pic-1-e1597020178194.jpg 1066w\" sizes=\"auto, (max-width: 150px) 100vw, 150px\" \/><\/a><figcaption><strong><a href=\"https:\/\/www.ehoanimato.org\/index.php\/visnja-vujovic\/\"><span class=\"has-inline-color has-luminous-vivid-amber-color\">Vi\u0161nja Vujovi\u0107<\/span><\/a><\/strong><\/figcaption><\/figure>\n\n\n\n<p><\/p>\n<\/div>\n<\/div>\n\n\n\n<div class=\"wp-block-columns is-layout-flex wp-container-core-columns-is-layout-9d6595d7 wp-block-columns-is-layout-flex\">\n<div class=\"wp-block-column is-layout-flow wp-block-column-is-layout-flow\">\n<figure class=\"wp-block-image size-thumbnail\"><a href=\"https:\/\/www.ehoanimato.org\/index.php\/katarina-dimitrijevic\/\"><img loading=\"lazy\" decoding=\"async\" width=\"150\" height=\"150\" src=\"https:\/\/www.ehoanimato.org\/wp-content\/uploads\/2020\/08\/katarina-pic-e1596651737120-150x150.jpg\" alt=\"\" class=\"wp-image-532\" srcset=\"https:\/\/www.ehoanimato.org\/wp-content\/uploads\/2020\/08\/katarina-pic-e1596651737120-150x150.jpg 150w, https:\/\/www.ehoanimato.org\/wp-content\/uploads\/2020\/08\/katarina-pic-e1596651737120-300x300.jpg 300w, https:\/\/www.ehoanimato.org\/wp-content\/uploads\/2020\/08\/katarina-pic-e1596651737120.jpg 679w\" sizes=\"auto, (max-width: 150px) 100vw, 150px\" \/><\/a><figcaption><strong><a href=\"https:\/\/www.ehoanimato.org\/index.php\/katarina-dimitrijevic\/\"><span class=\"has-inline-color has-luminous-vivid-amber-color\">Katarina Dimitrijevi\u0107<\/span><\/a><\/strong><\/figcaption><\/figure>\n<\/div>\n\n\n\n<div class=\"wp-block-column is-layout-flow wp-block-column-is-layout-flow\">\n<figure class=\"wp-block-image size-thumbnail\"><a href=\"https:\/\/www.ehoanimato.org\/index.php\/milica-stefanovic\/\"><img loading=\"lazy\" decoding=\"async\" width=\"150\" height=\"150\" src=\"https:\/\/www.ehoanimato.org\/wp-content\/uploads\/2020\/08\/received_368224180815373-1-scaled-e1596652333306-150x150.jpeg\" alt=\"\" class=\"wp-image-534\" srcset=\"https:\/\/www.ehoanimato.org\/wp-content\/uploads\/2020\/08\/received_368224180815373-1-scaled-e1596652333306-150x150.jpeg 150w, https:\/\/www.ehoanimato.org\/wp-content\/uploads\/2020\/08\/received_368224180815373-1-scaled-e1596652333306-300x300.jpeg 300w, https:\/\/www.ehoanimato.org\/wp-content\/uploads\/2020\/08\/received_368224180815373-1-scaled-e1596652333306-1024x1024.jpeg 1024w, https:\/\/www.ehoanimato.org\/wp-content\/uploads\/2020\/08\/received_368224180815373-1-scaled-e1596652333306-768x768.jpeg 768w, https:\/\/www.ehoanimato.org\/wp-content\/uploads\/2020\/08\/received_368224180815373-1-scaled-e1596652333306-1536x1536.jpeg 1536w, https:\/\/www.ehoanimato.org\/wp-content\/uploads\/2020\/08\/received_368224180815373-1-scaled-e1596652333306.jpeg 1920w\" sizes=\"auto, (max-width: 150px) 100vw, 150px\" \/><\/a><figcaption><strong><a href=\"https:\/\/www.ehoanimato.org\/index.php\/milica-stefanovic\/\"><span class=\"has-inline-color has-luminous-vivid-amber-color\">Milica Stefanovi\u0107<\/span><\/a><\/strong><\/figcaption><\/figure>\n<\/div>\n\n\n\n<div class=\"wp-block-column is-layout-flow wp-block-column-is-layout-flow\">\n<figure class=\"wp-block-image size-thumbnail\"><a href=\"https:\/\/www.ehoanimato.org\/index.php\/marina-cetkovic-2\/\"><img loading=\"lazy\" decoding=\"async\" width=\"150\" height=\"150\" src=\"https:\/\/www.ehoanimato.org\/wp-content\/uploads\/2020\/08\/3c5c7d481d7df026e15e1c4f4fec7851221ac269-150x150.jpg\" alt=\"\" class=\"wp-image-523\" srcset=\"https:\/\/www.ehoanimato.org\/wp-content\/uploads\/2020\/08\/3c5c7d481d7df026e15e1c4f4fec7851221ac269-150x150.jpg 150w, https:\/\/www.ehoanimato.org\/wp-content\/uploads\/2020\/08\/3c5c7d481d7df026e15e1c4f4fec7851221ac269.jpg 300w\" sizes=\"auto, (max-width: 150px) 100vw, 150px\" \/><\/a><figcaption><strong><a href=\"https:\/\/www.ehoanimato.org\/index.php\/marina-cetkovic-2\/\"><span class=\"has-inline-color has-luminous-vivid-amber-color\">Marina \u0106etkovi\u0107<\/span><\/a><\/strong><\/figcaption><\/figure>\n<\/div>\n\n\n\n<div class=\"wp-block-column is-layout-flow wp-block-column-is-layout-flow\">\n<figure class=\"wp-block-image size-thumbnail\"><a href=\"https:\/\/www.ehoanimato.org\/index.php\/tamara-popovic\/\"><img loading=\"lazy\" decoding=\"async\" width=\"150\" height=\"150\" src=\"https:\/\/www.ehoanimato.org\/wp-content\/uploads\/2020\/07\/tam-pic-e1596652453379-150x150.jpg\" alt=\"\" class=\"wp-image-277\" srcset=\"https:\/\/www.ehoanimato.org\/wp-content\/uploads\/2020\/07\/tam-pic-e1596652453379-150x150.jpg 150w, https:\/\/www.ehoanimato.org\/wp-content\/uploads\/2020\/07\/tam-pic-e1596652453379.jpg 196w\" sizes=\"auto, (max-width: 150px) 100vw, 150px\" \/><\/a><figcaption><strong><a href=\"https:\/\/www.ehoanimato.org\/index.php\/tamara-popovic\/\"><span class=\"has-inline-color has-luminous-vivid-amber-color\">Tamara Popovi\u0107<\/span><\/a><\/strong><\/figcaption><\/figure>\n<\/div>\n\n\n\n<div class=\"wp-block-column is-layout-flow wp-block-column-is-layout-flow\">\n<figure class=\"wp-block-image size-thumbnail\"><a href=\"https:\/\/www.ehoanimato.org\/index.php\/nevena-paunovic\/\"><img loading=\"lazy\" decoding=\"async\" width=\"150\" height=\"150\" src=\"https:\/\/www.ehoanimato.org\/wp-content\/uploads\/2020\/07\/nevena-pic-150x150.jpg\" alt=\"\" class=\"wp-image-278\" srcset=\"https:\/\/www.ehoanimato.org\/wp-content\/uploads\/2020\/07\/nevena-pic-150x150.jpg 150w, https:\/\/www.ehoanimato.org\/wp-content\/uploads\/2020\/07\/nevena-pic-300x300.jpg 300w, https:\/\/www.ehoanimato.org\/wp-content\/uploads\/2020\/07\/nevena-pic.jpg 316w\" sizes=\"auto, (max-width: 150px) 100vw, 150px\" \/><\/a><figcaption><strong><a href=\"https:\/\/www.ehoanimato.org\/index.php\/nevena-paunovic\/\"><span class=\"has-inline-color has-luminous-vivid-amber-color\">Nevena Paunovi\u0107<\/span><\/a><\/strong><\/figcaption><\/figure>\n<\/div>\n<\/div>\n","protected":false},"excerpt":{"rendered":"<p>Eho animato je kolektiv posve\u0107en istra\u017eivanju izvo\u0111a\u010dkih umetnosti i multimedijalnih praksi, osnovan u Beogradu 2011. godine. Na\u0161a misija je vi\u0161eslojno istra\u017eivanje individualnih dru\u0161tvenih pozicija. Cilj na\u0161eg umetni\u010dkog rada je da izazivamo \u0161to ve\u0107i broj razli\u010ditih perspektiva kroz zajedni\u010dke&nbsp;procese, podr\u017eavaju\u0107i snagu i razvoj svakog umetni\u010dkog glasa.&nbsp; Primenjujemo multimedijalni i interdisciplinarni pristup kao na\u010dine oboga\u0107ivanja jezika kojim [&hellip;]<\/p>\n","protected":false},"author":1,"featured_media":0,"parent":0,"menu_order":0,"comment_status":"closed","ping_status":"closed","template":"","meta":{"_monsterinsights_skip_tracking":false,"_monsterinsights_sitenote_active":false,"_monsterinsights_sitenote_note":"","_monsterinsights_sitenote_category":0,"footnotes":""},"class_list":["post-27","page","type-page","status-publish","hentry"],"jetpack_sharing_enabled":true,"_links":{"self":[{"href":"https:\/\/www.ehoanimato.org\/index.php\/wp-json\/wp\/v2\/pages\/27","targetHints":{"allow":["GET"]}}],"collection":[{"href":"https:\/\/www.ehoanimato.org\/index.php\/wp-json\/wp\/v2\/pages"}],"about":[{"href":"https:\/\/www.ehoanimato.org\/index.php\/wp-json\/wp\/v2\/types\/page"}],"author":[{"embeddable":true,"href":"https:\/\/www.ehoanimato.org\/index.php\/wp-json\/wp\/v2\/users\/1"}],"replies":[{"embeddable":true,"href":"https:\/\/www.ehoanimato.org\/index.php\/wp-json\/wp\/v2\/comments?post=27"}],"version-history":[{"count":55,"href":"https:\/\/www.ehoanimato.org\/index.php\/wp-json\/wp\/v2\/pages\/27\/revisions"}],"predecessor-version":[{"id":940,"href":"https:\/\/www.ehoanimato.org\/index.php\/wp-json\/wp\/v2\/pages\/27\/revisions\/940"}],"wp:attachment":[{"href":"https:\/\/www.ehoanimato.org\/index.php\/wp-json\/wp\/v2\/media?parent=27"}],"curies":[{"name":"wp","href":"https:\/\/api.w.org\/{rel}","templated":true}]}}