{"id":714,"date":"2020-08-09T15:56:11","date_gmt":"2020-08-09T15:56:11","guid":{"rendered":"http:\/\/www.ehoanimato.org\/?page_id=714"},"modified":"2020-08-10T11:34:44","modified_gmt":"2020-08-10T11:34:44","slug":"tenesi-vilijams-sto-godina-posle","status":"publish","type":"page","link":"https:\/\/www.ehoanimato.org\/index.php\/tenesi-vilijams-sto-godina-posle\/","title":{"rendered":"Tenesi Vilijams &#8211;  sto godina posle"},"content":{"rendered":"\n<p class=\"has-text-align-justify has-tablet-text-align-justify has-mobile-text-align-justify\">Tenesi Vilijams, jedan od najzna\u010dajnijih dramskih pisaca koji su obele\u017eili 20.vek, bio je kultna figura ameri\u010dke kulturne javnosti 20.veka, a njegova dela neprestano se izvode na scenama \u0161irom sveta. 2011. godine obele\u017eeno je 100 godina od njegovog ro\u0111enja kroz projekat koji je obuhvatao izlo\u017ebu, tribinu, projekcije filmova i predstavu &#8220;Staklena mena\u017eerija&#8221;.<\/p>\n\n\n\n<p class=\"has-text-align-justify has-tablet-text-align-justify has-mobile-text-align-justify\">Projekat &#8220;Tenesi Vilijams &#8211; sto godina posle&#8221; je realizovan uz podr\u0161ku Ambasade SAD u Beogradu, a u saradnji sa Ameri\u010dkim kucima \u0161irom Srbije (Beograd, Novi Sad, Ni\u0161, Vranje, Subotica, Novi Pazar), Muzejem pozori\u0161ne umetnosti Srbije, Bibliotekom grada Beograda, Domom omladine Beograda, Kulturnim centrom grada Ni\u0161a i Kulturnim centrom Novog sada.&nbsp; <\/p>\n\n\n\n<blockquote class=\"wp-block-quote is-layout-flow wp-block-quote-is-layout-flow\"><p>&#8220;Ne tra\u017eim da me sa\u017ealjevate, samo da me razumete \u2013 ne, \u010dak ni to \u2013 ne. Samo da me prepoznate u sebi, i neprijatelja, vreme, u svakom od nas.\u201d<\/p><p>(Tenesi Vilijams)<\/p><\/blockquote>\n\n\n\n<p><strong><span class=\"has-inline-color has-luminous-vivid-amber-color\">Izlo\u017eba \u2013 Tenesi Vilijams u srpskom pozori\u0161tu&nbsp;<\/span><\/strong>(Ameri\u010dki kutak u Beogradu i drugim gradovima)<\/p>\n\n\n\n<p class=\"has-text-align-justify has-tablet-text-align-justify has-mobile-text-align-justify\">Drame Tenesija Vilijamsa su od pedesetih godina pro\u0161log veka \u010desto igrane na scenama srpskih pozori\u0161ta, a u realizacijama njegovih komada u\u010destvovali su mnogi priznati dramski umetnici (Olivera Markovi\u0107, Tatjana Lukjanova, Rade Markovi\u0107, Mihajlo Janketi\u0107, Vlastimir \u0110uza Stojiljkovi\u0107, \u017darko Lau\u0161evi\u0107, Nata\u0161a Ninkovi\u0107 itd). Izlo\u017eba se sastojala od fotografija odabranih predstava izvedenih u Srbiji od 1952. do 2009. godine, kao i programa i plakata iz arhiva Muzeja pozori\u0161ne umetnosti Srbije.&nbsp;<\/p>\n\n\n\n<p><span class=\"has-inline-color has-luminous-vivid-amber-color\">T<strong>ribina &#8211; Tenesi Vilijams &#8211; sto godina posle<\/strong><\/span><strong> <\/strong>(Rimska dvorana Biblioteke Grada Beograda)<\/p>\n\n\n\n<p class=\"has-text-align-justify has-tablet-text-align-justify has-mobile-text-align-justify\">U\u010desnici tribine Vilijamsovom stvarala\u0161tvu pristupili su iz razli\u010ditih uglova da bi se dobila \u0161to celovitija slika o relevantnosti ovog pisca u 21. veku. Ispitivali su kako je stvoren i razru\u0161en mit o Tenesiju Vilijamsu, u \u010demu je zna\u010daj njegovih dela nekad i sad, kao i kako izgleda proces rada na njegovim delima.<\/p>\n\n\n\n<p class=\"has-text-align-justify has-tablet-text-align-justify has-mobile-text-align-justify\">Moderator: Uro\u0161 Tomi\u0107, anglicista<br>U\u010destvuju:&nbsp;<br>Simona \u010cupi\u0107, istori\u010darka umetnosti<br>Ivana Vuji\u0107, pozori\u0161na rediteljka<br>Danica Ristovski, glumica<br>Jovan \u0106irilov, teatrolog<\/p>\n\n\n\n<p><strong><span class=\"has-inline-color has-luminous-vivid-amber-color\">Projekcije filmova<\/span><\/strong> (Ameri\u010dki kuci u Beogradu, Novom Sadu, Ni\u0161u, Vranju, Subotici i Novom Pazaru)<\/p>\n\n\n\n<p class=\"has-text-align-justify has-tablet-text-align-justify has-mobile-text-align-justify\">U vi\u0161e gradova u Srbiji prikazani su filmovi: Iznenada, pro\u0161log leta (1959), Jug Tenesija Vilijamsa (1973), Tramvaj zvani \u017eelja (1951), Ma\u010dka na usijanom limenom krovu (1958) i No\u0107 iguane (1964).<\/p>\n\n\n\n<p><strong> <\/strong><span class=\"has-inline-color has-luminous-vivid-amber-color\"><strong>Premijera predstave \u201eStaklena mena\u017eerija\u201c<\/strong> <\/span>(Velika sala Doma omladine Beograda)<\/p>\n\n\n\n<p class=\"has-text-align-justify has-tablet-text-align-justify has-mobile-text-align-justify\">Predstava je podrazumevala savremenu interpretaciju \u010duvenog Viljamsovog dela, a vi\u0161e informacija mo\u017eete na\u0107i <strong><a rel=\"noreferrer noopener\" href=\"http:\/\/www.ehoanimato.org\/index.php\/staklena-menazerija\/\" target=\"_blank\">ovde. <\/a><\/strong><\/p>\n\n\n\n<figure class=\"wp-block-gallery columns-3 is-cropped wp-block-gallery-1 is-layout-flex wp-block-gallery-is-layout-flex\"><ul class=\"blocks-gallery-grid\"><li class=\"blocks-gallery-item\"><figure><a href=\"http:\/\/www.ehoanimato.org\/?attachment_id=715\"><img loading=\"lazy\" decoding=\"async\" width=\"217\" height=\"300\" src=\"http:\/\/www.ehoanimato.org\/wp-content\/uploads\/2020\/08\/Snezana-Bogdanovic-Zarko-Lausevic-Macka-217x300.jpg\" alt=\"\" data-id=\"715\" data-full-url=\"http:\/\/www.ehoanimato.org\/wp-content\/uploads\/2020\/08\/Snezana-Bogdanovic-Zarko-Lausevic-Macka.jpg\" data-link=\"http:\/\/www.ehoanimato.org\/?attachment_id=715\" class=\"wp-image-715\" srcset=\"https:\/\/www.ehoanimato.org\/wp-content\/uploads\/2020\/08\/Snezana-Bogdanovic-Zarko-Lausevic-Macka-217x300.jpg 217w, https:\/\/www.ehoanimato.org\/wp-content\/uploads\/2020\/08\/Snezana-Bogdanovic-Zarko-Lausevic-Macka.jpg 400w\" sizes=\"auto, (max-width: 217px) 100vw, 217px\" \/><\/a><figcaption class=\"blocks-gallery-item__caption\"><em>Ma\u010dka na usijanom limenom krovu, BDP (1990) &#8211; iz arhiva MPUS<\/em><\/figcaption><\/figure><\/li><li class=\"blocks-gallery-item\"><figure><a href=\"http:\/\/www.ehoanimato.org\/?attachment_id=719\"><img loading=\"lazy\" decoding=\"async\" width=\"212\" height=\"300\" src=\"http:\/\/www.ehoanimato.org\/wp-content\/uploads\/2020\/08\/549387_212345482241133_2120436595_n-1-212x300.jpg\" alt=\"\" data-id=\"719\" data-full-url=\"http:\/\/www.ehoanimato.org\/wp-content\/uploads\/2020\/08\/549387_212345482241133_2120436595_n-1.jpg\" data-link=\"http:\/\/www.ehoanimato.org\/?attachment_id=719\" class=\"wp-image-719\" srcset=\"https:\/\/www.ehoanimato.org\/wp-content\/uploads\/2020\/08\/549387_212345482241133_2120436595_n-1-212x300.jpg 212w, https:\/\/www.ehoanimato.org\/wp-content\/uploads\/2020\/08\/549387_212345482241133_2120436595_n-1.jpg 679w\" sizes=\"auto, (max-width: 212px) 100vw, 212px\" \/><\/a><\/figure><\/li><li class=\"blocks-gallery-item\"><figure><a href=\"http:\/\/www.ehoanimato.org\/?attachment_id=716\"><img loading=\"lazy\" decoding=\"async\" width=\"243\" height=\"300\" src=\"http:\/\/www.ehoanimato.org\/wp-content\/uploads\/2020\/08\/Olivera-Rade-Markovic-Silazak-Orfeja-243x300.jpg\" alt=\"\" data-id=\"716\" data-full-url=\"http:\/\/www.ehoanimato.org\/wp-content\/uploads\/2020\/08\/Olivera-Rade-Markovic-Silazak-Orfeja.jpg\" data-link=\"http:\/\/www.ehoanimato.org\/?attachment_id=716\" class=\"wp-image-716\" srcset=\"https:\/\/www.ehoanimato.org\/wp-content\/uploads\/2020\/08\/Olivera-Rade-Markovic-Silazak-Orfeja-243x300.jpg 243w, https:\/\/www.ehoanimato.org\/wp-content\/uploads\/2020\/08\/Olivera-Rade-Markovic-Silazak-Orfeja.jpg 400w\" sizes=\"auto, (max-width: 243px) 100vw, 243px\" \/><\/a><figcaption class=\"blocks-gallery-item__caption\"><em>Silazak Orfeja, Beogradsko dramsko pozori\u0161te (1959) &#8211; iz arhiva MPUS<\/em><\/figcaption><\/figure><\/li><li class=\"blocks-gallery-item\"><figure><a href=\"http:\/\/www.ehoanimato.org\/?attachment_id=717\"><img loading=\"lazy\" decoding=\"async\" width=\"300\" height=\"225\" src=\"http:\/\/www.ehoanimato.org\/wp-content\/uploads\/2020\/08\/21687_212337802241901_681432711_n-300x225.jpg\" alt=\"\" data-id=\"717\" data-full-url=\"http:\/\/www.ehoanimato.org\/wp-content\/uploads\/2020\/08\/21687_212337802241901_681432711_n.jpg\" data-link=\"http:\/\/www.ehoanimato.org\/?attachment_id=717\" class=\"wp-image-717\" srcset=\"https:\/\/www.ehoanimato.org\/wp-content\/uploads\/2020\/08\/21687_212337802241901_681432711_n-300x225.jpg 300w, https:\/\/www.ehoanimato.org\/wp-content\/uploads\/2020\/08\/21687_212337802241901_681432711_n-768x576.jpg 768w, https:\/\/www.ehoanimato.org\/wp-content\/uploads\/2020\/08\/21687_212337802241901_681432711_n.jpg 960w\" sizes=\"auto, (max-width: 300px) 100vw, 300px\" \/><\/a><figcaption class=\"blocks-gallery-item__caption\"><em>Izlo\u017eba u Ameri\u010dkom kutku Beograd<\/em><\/figcaption><\/figure><\/li><li class=\"blocks-gallery-item\"><figure><a href=\"http:\/\/www.ehoanimato.org\/?attachment_id=718\"><img loading=\"lazy\" decoding=\"async\" width=\"300\" height=\"225\" src=\"http:\/\/www.ehoanimato.org\/wp-content\/uploads\/2020\/08\/543769_212344768907871_1385437036_n-1-300x225.jpg\" alt=\"\" data-id=\"718\" data-full-url=\"http:\/\/www.ehoanimato.org\/wp-content\/uploads\/2020\/08\/543769_212344768907871_1385437036_n-1.jpg\" data-link=\"http:\/\/www.ehoanimato.org\/?attachment_id=718\" class=\"wp-image-718\" srcset=\"https:\/\/www.ehoanimato.org\/wp-content\/uploads\/2020\/08\/543769_212344768907871_1385437036_n-1-300x225.jpg 300w, https:\/\/www.ehoanimato.org\/wp-content\/uploads\/2020\/08\/543769_212344768907871_1385437036_n-1-768x576.jpg 768w, https:\/\/www.ehoanimato.org\/wp-content\/uploads\/2020\/08\/543769_212344768907871_1385437036_n-1.jpg 960w\" sizes=\"auto, (max-width: 300px) 100vw, 300px\" \/><\/a><figcaption class=\"blocks-gallery-item__caption\"><em>Tetovirana ru\u017ea, Narodno pozori\u0161te, iz arhiva MPUS<\/em><\/figcaption><\/figure><\/li><\/ul><\/figure>\n","protected":false},"excerpt":{"rendered":"<p>Tenesi Vilijams, jedan od najzna\u010dajnijih dramskih pisaca koji su obele\u017eili 20.vek, bio je kultna figura ameri\u010dke kulturne javnosti 20.veka, a njegova dela neprestano se izvode na scenama \u0161irom sveta. 2011. godine obele\u017eeno je 100 godina od njegovog ro\u0111enja kroz projekat koji je obuhvatao izlo\u017ebu, tribinu, projekcije filmova i predstavu &#8220;Staklena mena\u017eerija&#8221;. Projekat &#8220;Tenesi Vilijams &#8211; [&hellip;]<\/p>\n","protected":false},"author":1,"featured_media":0,"parent":0,"menu_order":0,"comment_status":"closed","ping_status":"closed","template":"","meta":{"_monsterinsights_skip_tracking":false,"_monsterinsights_sitenote_active":false,"_monsterinsights_sitenote_note":"","_monsterinsights_sitenote_category":0,"footnotes":""},"class_list":["post-714","page","type-page","status-publish","hentry"],"jetpack_sharing_enabled":true,"_links":{"self":[{"href":"https:\/\/www.ehoanimato.org\/index.php\/wp-json\/wp\/v2\/pages\/714","targetHints":{"allow":["GET"]}}],"collection":[{"href":"https:\/\/www.ehoanimato.org\/index.php\/wp-json\/wp\/v2\/pages"}],"about":[{"href":"https:\/\/www.ehoanimato.org\/index.php\/wp-json\/wp\/v2\/types\/page"}],"author":[{"embeddable":true,"href":"https:\/\/www.ehoanimato.org\/index.php\/wp-json\/wp\/v2\/users\/1"}],"replies":[{"embeddable":true,"href":"https:\/\/www.ehoanimato.org\/index.php\/wp-json\/wp\/v2\/comments?post=714"}],"version-history":[{"count":5,"href":"https:\/\/www.ehoanimato.org\/index.php\/wp-json\/wp\/v2\/pages\/714\/revisions"}],"predecessor-version":[{"id":937,"href":"https:\/\/www.ehoanimato.org\/index.php\/wp-json\/wp\/v2\/pages\/714\/revisions\/937"}],"wp:attachment":[{"href":"https:\/\/www.ehoanimato.org\/index.php\/wp-json\/wp\/v2\/media?parent=714"}],"curies":[{"name":"wp","href":"https:\/\/api.w.org\/{rel}","templated":true}]}}