{"id":786,"date":"2020-08-09T18:38:48","date_gmt":"2020-08-09T18:38:48","guid":{"rendered":"http:\/\/www.ehoanimato.org\/?page_id=786"},"modified":"2024-12-19T13:36:05","modified_gmt":"2024-12-19T13:36:05","slug":"news","status":"publish","type":"page","link":"https:\/\/www.ehoanimato.org\/index.php\/news\/","title":{"rendered":"News"},"content":{"rendered":"\n<p><strong>13\/04\/2023<\/strong><\/p>\n\n\n\n<h2 class=\"wp-block-heading has-luminous-vivid-amber-color has-text-color\"><a href=\"https:\/\/www.ehoanimato.org\/index.php\/the-ways-of-the-heroes-documentary-film-premiere\/\" data-type=\"page\" data-id=\"1275\"><strong>The Ways of the Heroes documentary film premiere <\/strong><\/a><\/h2>\n\n\n\n<p>Documentary film <em>&#8220;The Ways of the Heroes&#8221;<\/em> premiered on April 12, 2023, at 8:00 PM in the Cultural Center of Belgrade. <a href=\"https:\/\/www.ehoanimato.org\/index.php\/the-ways-of-the-heroes-documentary-film-premiere\/\" data-type=\"page\" data-id=\"1275\">More&#8230;<\/a><\/p>\n\n\n\n<hr class=\"wp-block-separator has-text-color has-light-green-cyan-color has-alpha-channel-opacity has-light-green-cyan-background-color has-background is-style-wide\"\/>\n\n\n\n<p><strong>14\/06\/2021<\/strong><\/p>\n\n\n\n<h2 class=\"wp-block-heading has-luminous-vivid-amber-color has-text-color\"><a class=\"ek-link\" href=\"https:\/\/www.ehoanimato.org\/index.php\/culturehub-convening-schedule-announced\/\"><strong>CultureHub Belgrade Convening &#8211; SCHEDULE ANNOUNCED<\/strong><\/a><\/h2>\n\n\n\n<p>Find out more about the schedule <a href=\"https:\/\/www.ehoanimato.org\/index.php\/culturehub-convening-schedule-announced\/\" class=\"ek-link\">HERE<\/a>.<\/p>\n\n\n\n<hr class=\"wp-block-separator has-text-color has-light-green-cyan-color has-alpha-channel-opacity has-light-green-cyan-background-color has-background is-style-wide\"\/>\n\n\n\n<p><strong>10\/06\/2021<\/strong><\/p>\n\n\n\n<h2 class=\"wp-block-heading has-luminous-vivid-amber-color has-text-color\"><strong><a class=\"ek-link\" href=\"https:\/\/www.ehoanimato.org\/index.php\/culturehub-belgrade-convening\/\">CultureHub Belgrade Convening &#8211; OPEN CALL<\/a> <\/strong><\/h2>\n\n\n\n<p>Belgrade, July 1-3 2021<\/p>\n\n\n\n<p>Centering around the theme <strong><em>Solidarity: Digital Strategies for Creative Resilience<\/em><\/strong>, the CultureHub Belgrade Convening is a platform for artists, technologists, educators, and activists to share and disseminate digital methodologies for artmaking and cultural exchange.<a href=\"https:\/\/www.ehoanimato.org\/index.php\/culturehub-belgrade-convening\/\" class=\"ek-link\"><strong> More&#8230; <\/strong><\/a><\/p>\n\n\n\n<hr class=\"wp-block-separator has-text-color has-vivid-green-cyan-color has-css-opacity has-vivid-green-cyan-background-color has-background is-style-wide\"\/>\n\n\n\n<p><strong>07\/11\/ 2020<\/strong><\/p>\n\n\n\n<h2 class=\"wp-block-heading\"><a class=\"ek-link\" href=\"https:\/\/www.ehoanimato.org\/index.php\/cultural-ambassadors-at-la-mama-love-global-gala\/\"><strong>Eho Animato members as Cultural Ambassadors at La MaMa Love Global Gala<\/strong><\/a><\/h2>\n\n\n\n<p>Ana Konstantinovi\u0107 and \u017deljko Maksimovi\u0107, members of Eho Animato collective, have become  Cultural Ambassadors of the famous La MaMa theater. <strong><a href=\"https:\/\/www.ehoanimato.org\/index.php\/cultural-ambassadors-at-la-mama-love-global-gala\/\" class=\"ek-link\">More&#8230;<\/a><\/strong><\/p>\n\n\n\n<hr class=\"wp-block-separator has-text-color has-vivid-green-cyan-color has-css-opacity has-vivid-green-cyan-background-color has-background is-style-wide\"\/>\n\n\n\n<p><strong>29\/10\/ 2020<\/strong><\/p>\n\n\n\n<h2 class=\"wp-block-heading\"><a class=\"ek-link\" href=\"https:\/\/www.ehoanimato.org\/index.php\/visual-identity-award-at-basteatar-festival-fragments-of-disquiet\/\"><strong>Visual Identity Award at\u00a0BA\u0160TeAtar festival &#8211;  performance \u201dFragments of Disquiet\u201d<\/strong><\/a><\/h2>\n\n\n\n<p>Theater performance \u201dFragments of Disquiet\u201d by Eho Animato, based on the works of Fernando Pessoa, was awarded the Visual Identity Award at the Festival of Professional Theater Collectives and Independent Productions, BA\u0160TeAtar. <strong><a href=\"https:\/\/www.ehoanimato.org\/index.php\/visual-identity-award-at-basteatar-festival-fragments-of-disquiet\/\" class=\"ek-link\">More&#8230;<\/a><\/strong><\/p>\n\n\n\n<hr class=\"wp-block-separator has-text-color has-vivid-green-cyan-color has-css-opacity has-vivid-green-cyan-background-color has-background is-style-wide\"\/>\n\n\n\n<p><strong>31\/07\/ 2020<\/strong><\/p>\n\n\n\n<h2 class=\"wp-block-heading\"><a class=\"ek-link\" href=\"http:\/\/www.ehoanimato.org\/index.php\/eho-animato-partner-in-international-project-the-ways-of-the-heroes\/\"><strong>International project &#8220;The Ways of the Heroes&#8221; supported at the Creative Europe Call for Cultural Cooperation in the Western Balkans<\/strong><\/a><\/h2>\n\n\n\n<p class=\"has-text-align-justify\">Eho animato is one of the partner organzations in the international project selected for financing at the Creative Europe Call for Cultural Cooperation in the Western Balkans. Project leader is the Macedonian National Theater from Skopje, and participating organizations are La Dramaturgie (Italy), Kru\u0161\u010de \u2013 Studio for the research on the art of acting (Slovenia), Loop.org (Greece), Studio Teatar (Bosnia and Herzegovina), Gavroche books (North Macedonia). <strong><span class=\"has-inline-color has-luminous-vivid-amber-color\"><a href=\"http:\/\/www.ehoanimato.org\/index.php\/eho-animato-partner-in-international-project-the-ways-of-the-heroes\/\">More\u2026<\/a><\/span><\/strong><\/p>\n\n\n\n<hr class=\"wp-block-separator has-text-color has-vivid-green-cyan-color has-css-opacity has-vivid-green-cyan-background-color has-background is-style-wide\"\/>\n\n\n\n<p><strong>03\/ 07\/ 2020<\/strong><\/p>\n\n\n\n<h2 class=\"wp-block-heading\"><a class=\"ek-link\" href=\"http:\/\/www.ehoanimato.org\/index.php\/fragments-of-disquiet-part-of-the-selection-of-the-3rd-basteatar-festival\/\">&#8220;<strong>Fragments of Disquiet&#8221; part of the selection of the 3<sup>rd<\/sup>\u00a0BA\u0160TeAtar festival<\/strong><\/a><\/h2>\n\n\n\n<p class=\"has-text-align-justify\">Eho animato&#8217;s production &#8220;Fragments of Disquiet&#8221; has been selected for the 3<sup>rd<\/sup>&nbsp;edition of BA\u0160TeAtar festival in Kragujevac and will be held on October 23rd 2020 at 20.00 in <em>Knjazevsko-srpski teatar<\/em> in Kragujevac. <strong><span class=\"has-inline-color has-luminous-vivid-amber-color\"><a href=\"http:\/\/www.ehoanimato.org\/index.php\/fragments-of-disquiet-part-of-the-selection-of-the-3rd-basteatar-festival\/\">More\u2026<\/a><\/span><\/strong><\/p>\n\n\n\n<p><\/p>\n","protected":false},"excerpt":{"rendered":"<p>13\/04\/2023 The Ways of the Heroes documentary film premiere Documentary film &#8220;The Ways of the Heroes&#8221; premiered on April 12, 2023, at 8:00 PM in the Cultural Center of Belgrade. More&#8230; 14\/06\/2021 CultureHub Belgrade Convening &#8211; SCHEDULE ANNOUNCED Find out more about the schedule HERE. 10\/06\/2021 CultureHub Belgrade Convening &#8211; OPEN CALL Belgrade, July 1-3 [&hellip;]<\/p>\n","protected":false},"author":1,"featured_media":0,"parent":0,"menu_order":0,"comment_status":"closed","ping_status":"closed","template":"","meta":{"_monsterinsights_skip_tracking":false,"_monsterinsights_sitenote_active":false,"_monsterinsights_sitenote_note":"","_monsterinsights_sitenote_category":0,"footnotes":""},"class_list":["post-786","page","type-page","status-publish","hentry"],"jetpack_sharing_enabled":true,"_links":{"self":[{"href":"https:\/\/www.ehoanimato.org\/index.php\/wp-json\/wp\/v2\/pages\/786","targetHints":{"allow":["GET"]}}],"collection":[{"href":"https:\/\/www.ehoanimato.org\/index.php\/wp-json\/wp\/v2\/pages"}],"about":[{"href":"https:\/\/www.ehoanimato.org\/index.php\/wp-json\/wp\/v2\/types\/page"}],"author":[{"embeddable":true,"href":"https:\/\/www.ehoanimato.org\/index.php\/wp-json\/wp\/v2\/users\/1"}],"replies":[{"embeddable":true,"href":"https:\/\/www.ehoanimato.org\/index.php\/wp-json\/wp\/v2\/comments?post=786"}],"version-history":[{"count":15,"href":"https:\/\/www.ehoanimato.org\/index.php\/wp-json\/wp\/v2\/pages\/786\/revisions"}],"predecessor-version":[{"id":1291,"href":"https:\/\/www.ehoanimato.org\/index.php\/wp-json\/wp\/v2\/pages\/786\/revisions\/1291"}],"wp:attachment":[{"href":"https:\/\/www.ehoanimato.org\/index.php\/wp-json\/wp\/v2\/media?parent=786"}],"curies":[{"name":"wp","href":"https:\/\/api.w.org\/{rel}","templated":true}]}}

<p><strong>13/04/2023</strong></p>



<h2 class="wp-block-heading has-luminous-vivid-amber-color has-text-color"><a href="https://www.ehoanimato.org/index.php/the-ways-of-the-heroes-documentary-film-premiere/" data-type="page" data-id="1275"><strong>The Ways of the Heroes documentary film premiere </strong></a></h2>



<p>Documentary film <em>&#8220;The Ways of the Heroes&#8221;</em> premiered on April 12, 2023, at 8:00 PM in the Cultural Center of Belgrade. <a href="https://www.ehoanimato.org/index.php/the-ways-of-the-heroes-documentary-film-premiere/" data-type="page" data-id="1275">More&#8230;</a></p>



<hr class="wp-block-separator has-text-color has-light-green-cyan-color has-alpha-channel-opacity has-light-green-cyan-background-color has-background is-style-wide"/>



<p><strong>14/06/2021</strong></p>



<h2 class="wp-block-heading has-luminous-vivid-amber-color has-text-color"><a class="ek-link" href="https://www.ehoanimato.org/index.php/culturehub-convening-schedule-announced/"><strong>CultureHub Belgrade Convening &#8211; SCHEDULE ANNOUNCED</strong></a></h2>



<p>Find out more about the schedule <a href="https://www.ehoanimato.org/index.php/culturehub-convening-schedule-announced/" class="ek-link">HERE</a>.</p>



<hr class="wp-block-separator has-text-color has-light-green-cyan-color has-alpha-channel-opacity has-light-green-cyan-background-color has-background is-style-wide"/>



<p><strong>10/06/2021</strong></p>



<h2 class="wp-block-heading has-luminous-vivid-amber-color has-text-color"><strong><a class="ek-link" href="https://www.ehoanimato.org/index.php/culturehub-belgrade-convening/">CultureHub Belgrade Convening &#8211; OPEN CALL</a> </strong></h2>



<p>Belgrade, July 1-3 2021</p>



<p>Centering around the theme <strong><em>Solidarity: Digital Strategies for Creative Resilience</em></strong>, the CultureHub Belgrade Convening is a platform for artists, technologists, educators, and activists to share and disseminate digital methodologies for artmaking and cultural exchange.<a href="https://www.ehoanimato.org/index.php/culturehub-belgrade-convening/" class="ek-link"><strong> More&#8230; </strong></a></p>



<hr class="wp-block-separator has-text-color has-vivid-green-cyan-color has-css-opacity has-vivid-green-cyan-background-color has-background is-style-wide"/>



<p><strong>07/11/ 2020</strong></p>



<h2 class="wp-block-heading"><a class="ek-link" href="https://www.ehoanimato.org/index.php/cultural-ambassadors-at-la-mama-love-global-gala/"><strong>Eho Animato members as Cultural Ambassadors at La MaMa Love Global Gala</strong></a></h2>



<p>Ana Konstantinović and Željko Maksimović, members of Eho Animato collective, have become  Cultural Ambassadors of the famous La MaMa theater. <strong><a href="https://www.ehoanimato.org/index.php/cultural-ambassadors-at-la-mama-love-global-gala/" class="ek-link">More&#8230;</a></strong></p>



<hr class="wp-block-separator has-text-color has-vivid-green-cyan-color has-css-opacity has-vivid-green-cyan-background-color has-background is-style-wide"/>



<p><strong>29/10/ 2020</strong></p>



<h2 class="wp-block-heading"><a class="ek-link" href="https://www.ehoanimato.org/index.php/visual-identity-award-at-basteatar-festival-fragments-of-disquiet/"><strong>Visual Identity Award at BAŠTeAtar festival &#8211;  performance ”Fragments of Disquiet”</strong></a></h2>



<p>Theater performance ”Fragments of Disquiet” by Eho Animato, based on the works of Fernando Pessoa, was awarded the Visual Identity Award at the Festival of Professional Theater Collectives and Independent Productions, BAŠTeAtar. <strong><a href="https://www.ehoanimato.org/index.php/visual-identity-award-at-basteatar-festival-fragments-of-disquiet/" class="ek-link">More&#8230;</a></strong></p>



<hr class="wp-block-separator has-text-color has-vivid-green-cyan-color has-css-opacity has-vivid-green-cyan-background-color has-background is-style-wide"/>



<p><strong>31/07/ 2020</strong></p>



<h2 class="wp-block-heading"><a class="ek-link" href="http://www.ehoanimato.org/index.php/eho-animato-partner-in-international-project-the-ways-of-the-heroes/"><strong>International project &#8220;The Ways of the Heroes&#8221; supported at the Creative Europe Call for Cultural Cooperation in the Western Balkans</strong></a></h2>



<p class="has-text-align-justify">Eho animato is one of the partner organzations in the international project selected for financing at the Creative Europe Call for Cultural Cooperation in the Western Balkans. Project leader is the Macedonian National Theater from Skopje, and participating organizations are La Dramaturgie (Italy), Krušče – Studio for the research on the art of acting (Slovenia), Loop.org (Greece), Studio Teatar (Bosnia and Herzegovina), Gavroche books (North Macedonia). <strong><span class="has-inline-color has-luminous-vivid-amber-color"><a href="http://www.ehoanimato.org/index.php/eho-animato-partner-in-international-project-the-ways-of-the-heroes/">More…</a></span></strong></p>



<hr class="wp-block-separator has-text-color has-vivid-green-cyan-color has-css-opacity has-vivid-green-cyan-background-color has-background is-style-wide"/>



<p><strong>03/ 07/ 2020</strong></p>



<h2 class="wp-block-heading"><a class="ek-link" href="http://www.ehoanimato.org/index.php/fragments-of-disquiet-part-of-the-selection-of-the-3rd-basteatar-festival/">&#8220;<strong>Fragments of Disquiet&#8221; part of the selection of the 3<sup>rd</sup> BAŠTeAtar festival</strong></a></h2>



<p class="has-text-align-justify">Eho animato&#8217;s production &#8220;Fragments of Disquiet&#8221; has been selected for the 3<sup>rd</sup>&nbsp;edition of BAŠTeAtar festival in Kragujevac and will be held on October 23rd 2020 at 20.00 in <em>Knjazevsko-srpski teatar</em> in Kragujevac. <strong><span class="has-inline-color has-luminous-vivid-amber-color"><a href="http://www.ehoanimato.org/index.php/fragments-of-disquiet-part-of-the-selection-of-the-3rd-basteatar-festival/">More…</a></span></strong></p>



<p></p>
